rime factors of 107728947.
3, 73, 6073
List the prime factors of 673723380.
2, 3, 5, 11, 37, 47, 587
What are the prime factors of 274033465?
5, 59, 928927
List the prime factors of 21458759.
7, 439, 6983
What are the prime factors of 158403672?
2, 3, 7, 59, 761
What are the prime factors of 68399001?
3, 11, 107, 587
List the prime factors of 19762126.
2, 17, 581239
List the prime factors of 1895380036.
2, 11, 19, 563, 4027
List the prime factors of 3127830982.
2, 1563915491
List the prime factors of 247440633.
3, 11, 7498201
List the prime factors of 10933740.
2, 3, 5, 19, 23, 139
What are the prime factors of 7455099250?
2, 5, 17, 23, 53, 1439
List the prime factors of 107186421.
3, 59, 605573
List the prime factors of 1383708351.
3, 37, 643, 19387
List the prime factors of 147266093.
13, 19, 45863
What are the prime factors of 62483837?
13, 19, 252971
What are the prime factors of 185623057?
601, 308857
List the prime factors of 5950981.
467, 12743
List the prime factors of 48113592.
2, 3, 113, 157
What are the prime factors of 981317150?
2, 5, 11, 1784213
List the prime factors of 45987900.
2, 3, 5, 7, 61, 359
List the prime factors of 1385349248.
2, 23, 257, 1831
What are the prime factors of 84339765?
3, 5, 19, 131, 251
List the prime factors of 222130202.
2, 7, 113, 140411
List the prime factors of 104963917.
7793, 13469
List the prime factors of 893524662.
2, 3, 3691, 4483
What are the prime factors of 180640071?
3, 6690373
What are the prime factors of 205772283?
3, 23, 994069
List the prime factors of 23425724.
2, 7, 107, 1117
What are the prime factors of 253799131?
19, 173, 77213
What are the prime factors of 1207202024?
2, 7, 29, 103, 1031
What are the prime factors of 28776539?
11, 1297, 2017
List the prime factors of 71353939.
5189, 13751
List the prime factors of 12161337.
3, 4053779
List the prime factors of 43759176.
2, 3, 769, 2371
What are the prime factors of 217796260?
2, 5, 11, 673, 1471
What are the prime factors of 32709474?
2, 3, 7, 86533
What are the prime factors of 572501667?
3, 67, 89, 32003
List the prime factors of 65807643.
3, 11, 173, 11527
What are the prime factors of 445943441?
149, 2992909
List the prime factors of 166743329.
709, 235181
List the prime factors of 3896012230.
2, 5, 11, 17, 443, 4703
List the prime factors of 626886465.
3, 5, 43, 971917
List the prime factors of 90681927.
3, 7, 17, 19, 29, 461
List the prime factors of 32754060.
2, 3, 5, 181967
What are the prime factors of 45337627?
67, 257, 2633
List the prime factors of 56831371.
37, 41, 37463
List the prime factors of 3627110537.
3627110537
What are the prime factors of 188610545?
5, 37722109
List the prime factors of 4280598391.
1087, 3937993
List the prime factors of 1484461496.
2, 7, 26508241
What are the prime factors of 10327175?
5, 413087
List the prime factors of 3319336737.
3, 181, 503, 4051
List the prime factors of 66028664.
2, 13, 634891
List the prime factors of 1147765111.
31, 41, 101, 8941
What are the prime factors of 130202859?
3, 487, 89119
What are the prime factors of 139889351?
7, 2027, 9859
List the prime factors of 4252030256.
2, 7621, 34871
What are the prime factors of 12815785?
5, 19, 313, 431
List the prime factors of 170606957.
7103, 24019
List the prime factors of 85140792.
2, 3, 11, 193, 557
List the prime factors of 1069440231.
3, 356480077
List the prime factors of 34226859.
3, 11408953
List the prime factors of 1785618199.
1785618199
What are the prime factors of 7609535379?
3, 845503931
What are the prime factors of 91186921?
7, 13026703
List the prime factors of 3501920656.
2, 13, 1295089
List the prime factors of 271508866.
2, 135754433
What are the prime factors of 233759983?
19, 41, 109, 2753
What are the prime factors of 24850048?
2, 194141
List the prime factors of 728689338.
2, 3, 13, 1038019
List the prime factors of 907492439.
7, 23, 331, 17029
What are the prime factors of 26151239?
19, 67, 20543
What are the prime factors of 18885860?
2, 5, 7, 277, 487
List the prime factors of 519768967.
2347, 221461
What are the prime factors of 133086974?
2, 29, 313, 7331
What are the prime factors of 24455400?
2, 3, 5, 40759
List the prime factors of 4544257.
103, 44119
List the prime factors of 1302595.
5, 7, 37217
List the prime factors of 9482299.
9482299
List the prime factors of 1399952655.
3, 5, 1093, 28463
List the prime factors of 124371341.
73, 1703717
What are the prime factors of 1028145863?
151, 6808913
What are the prime factors of 154509094?
2, 383, 201709
What are the prime factors of 54384981?
3, 7, 43, 229, 263
List the prime factors of 79918738.
2, 39959369
What are the prime factors of 16358978?
2, 8179489
What are the prime factors of 55330268?
2, 7, 1976081
What are the prime factors of 323521602?
2, 3, 53920267
List the prime factors of 14826288.
2, 3, 499, 619
List the prime factors of 16153345.
5, 13, 181, 1373
What are the prime factors of 29430511?
11, 113, 23677
List the prime factors of 4100485.
5, 17, 19, 2539
What are the prime factors of 915046667?
37, 863, 28657
List the prime factors of 474461603.
7, 11, 31, 198769
List the prime factors of 24934342.
2, 17, 179, 241
List the prime factors of 399407916.
2, 3, 1621, 20533
List the prime factors of 920754591.
3, 31, 131, 75577
What are the prime factors of 83574954?
2, 3, 239, 19427
What are the prime factors of 19289969?
61, 463, 683
What are the prime factors of 880124760?
2, 3, 5, 439, 5569
List the prime factors of 55146653.
55146653
List the prime factors of 1249614324.
2, 3, 7, 1652929
List the prime factors of 3426794.
2, 7, 151, 1621
What are the prime factors of 1307753570?
2, 5, 67, 1951871
List the prime factors of 4657624370.
2, 5, 7, 673, 98867
List the prime factors of 298350349.
11, 27122759
What are the prime factors of 75077464?
2, 7, 11, 307, 397
What are the prime factors of 810569696?
2, 3181, 7963
List the prime factors of 21495816.
2, 3, 37, 8069
List the prime factors of 37235960.
2, 5, 31, 30029
What are the prime factors of 554324378?
2, 349, 794161
What are the prime factors of 312148000?
2, 5, 73, 1069
What are the prime factors of 155791617?
3, 139, 547, 683
What are the prime factors of 786200136?
2, 3, 32758339
List the prime factors of 369448169.
859, 430091
What are the prime factors of 19804892?
2, 317, 15619
What are the prime factors of 24852619?
11, 2259329
What are the prime factors of 47946250?
2, 5, 11, 317
List the prime factors of 3098309479.
3098309479
List the prime factors of 92951770.
2, 5, 37, 251221
What are the prime factors of 235102628?
2, 1451, 40507
List the prime factors of 31580695.
5, 6316139
List the prime factors of 893143131.
3, 29, 1109, 9257
List the prime factors of 3011823254.
2, 11, 109, 487, 2579
What are the prime factors of 82769713?
13, 6366901
What are the prime factors of 2168386305?
3, 5, 19, 1093, 6961
List the prime factors of 23422725.
3, 5, 19, 5479
What are the prime factors of 332157552?
2, 3, 571, 12119
List the prime factors of 31926455.
5, 11, 113, 467
What are the prime factors of 2003517900?
2, 3, 5, 2226131
List the prime factors of 99884048.
2, 11, 51593
What are the prime factors of 33981869?
599, 56731
List the prime factors of 23263857.
3, 31, 83383
What are the prime factors of 195131402?
2, 23, 4241987
List the prime factors of 8356494.
2, 3, 523, 2663
What are the prime factors of 12137530?
2, 5, 53, 22901
What are the prime factors of 121281118?
2, 7, 397, 21821
What are the prime factors of 1170398342?
2, 73, 2711, 2957
List the prime factors of 262152787.
13, 53, 380483
What are the prime factors of 5418479750?
2, 5, 73, 367, 809
What are the prime factors of 78434372?
2, 19608593
List the prime factors of 53864941.
13, 977, 4241
What are the prime factors of 39376543?
1777, 22159
What are the prime factors of 77009180?
2, 5, 3850459
What are the prime factors of 217507049?
263, 827023
What are the prime factors of 237053075?
5, 7, 1354589
What are the prime factors of 4153784121?
3, 139, 3320371
What are the prime factors of 1017916876?
2, 1667, 152657
List the prime factors of 452931770.
2, 5, 45293177
List the prime factors of 804504867.
3, 193, 1389473
List the prime factors of 39286964.
2, 1987, 4943
What are the prime factors 